number?
False
Suppose q - 43 + 38 = 0. Suppose 2*r - 6*r + q*o = -536, 0 = 3*o. Is r a prime number?
False
Is 155/(-93) + 125176/6 composite?
True
Let s(a) = -a**3 + 9*a**2 + 17*a + 34. Is s(9) a prime number?
False
Let v be (3/2)/(3/(-6)). Is v/(-2)*2228/6 a composite number?
False
Let l = 8 + -3. Suppose 4*h + 10 = -p, 10 = 2*p - 0*h - 2*h. Suppose 5*f - 61 = -p*c, l*f + 2 = 3*f. Is c a composite number?
True
Is (10942/1 - 0)/(17 - 15) a prime number?
True
Let v(r) = -r**3 + 14*r**2 - 4*r + 18. Let s be v(13). Suppose -s = -4*l - l. Suppose 0 = 5*k - 3*u - 182, -5*k + 4*u - l + 208 = 0. Is k a composite number?
False
Let t be (-3)/(-6)*1*4. Let x be (-27093)/44 - t/8. Let y = 1157 + x. Is y composite?
False
Suppose -10*y + 12598 + 2742 = 0. Suppose -1293 = -11*d + y. Is d composite?
False
Suppose 3*f + 4*d = -10, -20 + 5 = 4*f + 5*d. Let t(z) = 23*z**2 - 3*z - 13. Is t(f) a composite number?
True
Let c(f) be the first derivative of 905*f**2 + 11*f - 48. Is c(6) prime?
False
Let n = 401 + -94. Is n a composite number?
False
Let x = 920 - 400. Suppose s + 3*t - 841 - x = 0, -2*s + t + 2722 = 0. Is s prime?
True
Let c be (-60)/(-45) + 281/3. Suppose 0 = 2*f + 4, 4*m - f - c + 33 = 0. Suppose -5*g - m = 0, 8*g = -3*h + 3*g + 888. Is h composite?
True
Is 13/(-26)*-2*(-14764)/(-4) a composite number?
False
Suppose -6739 = -3*n + r, -22*r + 8960 = 4*n - 17*r. Is n a prime number?
False
Let r(p) = -3*p**2 - p - 8. Let o(g) = g**2 + 4. Let b(a) = -5*o(a) - 2*r(a). Let w be b(-8). Is w/154 + (-649)/(-7) a composite number?
True
Suppose 20 = -0*g + 4*g. Suppose -7*l + g*l = 12. Is (-1 + 4)/(l/(-116)) composite?
True
Suppose 4*d - 2529 = -g, -31*g - 2514 = -4*d - 29*g. Is d composite?
False
Let p = 5810 - 3105. Is p prime?
False
Let m(y) be the third derivative of y**5/60 - 11*y**4/24 + 10*y**3/3 - 12*y**2. Let o be m(14). Suppose -3*z = -464 + o. Is z composite?
True
Let c = -45 + 48. Suppose 5*l + 5*z - 1490 = 0, 0 = l - c*l + 4*z + 578. Is l composite?
True
Is (1/4)/((-49)/(-4065628)) composite?
False
Let j be (-4)/(-18) + (-2959)/(-9). Let r = j + -206. Is r a composite number?
True
Let w(h) = 8*h**2 - 33*h - 8. Let q be w(11). Let x be (-2)/(-3*(-2)/(-15)). Suppose q - 4322 = -x*d. Is d a composite number?
True
Is ((-2456)/(-10))/(2 + (-8)/5) a composite number?
True
Let m(n) = -33*n + 8. Let p be m(-4). Suppose -2*j + 2*t = -3*t - p, 3*t = -3*j + 189. Is j prime?
False
Let r = 2067 - 20. Is r composite?
True
Suppose 3*w + 18 + 33 = 0. Is (422/8)/(w/(-68)) composite?
False
Suppose 0 = -2*g + 10*g + 15224. Let s = g + 2840. Is s composite?
False
Let n = -2506 - -1722. Let o = -443 - n. Is o a composite number?
True
Let m(a) be the second derivative of 3*a**5/10 + a**4/6 - a**3/3 + 7*a**2/2 - 3*a. Is m(2) composite?
False
Is (-15)/(-12)*(-3)/(9/(-2676)) prime?
False
Let l = -7 + 12. Suppose -3*q + l*z = z - 636, 3*q + z - 636 = 0. Let v = q + -46. Is v prime?
False
Let z = -3470 + 4983. Is z a composite number?
True
Let t = 3101 + 2813. Is t a composite number?
True
Suppose q - 2*o - 8 = 0, 2*o = -3*q - 0*o. Is -4 + (756/q - (-11 + 14)) a prime number?
False
Suppose -2*a + 4*s - s - 131 = 0, 2*s = -5*a - 299. Let o be (2 + -184)*102/(-119). Let g = o + a. Is g composite?
True
Let p be 6/4 + (-4)/(-8). Suppose -19 = -p*z + z. Is z composite?
False
Is 5 + (-130)/30 - (-96698)/6 a prime number?
False
Let i(l) = -1 + 4 - 5 - 3 - 1956*l. Is i(-4) a composite number?
True
Let t(o) = -9802*o - 49. Is t(-8) prime?
True
Let o = -2226 + 5089. Is o a prime number?
False
Let p = -10769 - -17442. Is p prime?
True
Let k(v) be the third derivative of -25*v**4/6 - v**3 + 16*v**2. Is k(-4) composite?
True
Let a(m) = -m**3 + 27*m**2 - 27*m + 30. Let p be a(26). Is (46*(-2)/p)/((-2)/362) a prime number?
False
Suppose -8*w - 16326 = w. Is 2*w/(-4)*1 a prime number?
True
Let t = 2 - 51. Suppose q + 2*r - 2 = 0, q - r - 9 = 5. Let a = q - t. Is a prime?
True
Suppose 0 = 7*s + 9*s - 16528. Let g = 102 + s. Is g a prime number?
False
Let g(z) = -z**3 + 9*z**2 + 12*z - 15. Let a be g(10). Let f be -2 + 0 + (-46)/(-2). Suppose 91 - f = a*q. Is q prime?
False
Suppose 80 = 4*t - 0*t. Suppose -4*r + t = r. Is (r/6)/(2/879) a composite number?
False
Is 21*(-16570)/(-20)*8/12 a prime number?
False
Suppose 0 = -4*u + 16 - 0. Suppose 4136 = 4*z + 5*j, u = -2*j - 4. Is z composite?
False
Suppose -3*o = 5*q + 22, -o + 4*q = 2*q - 11. Suppose 7*i + 45 = 2*i. Is 951/i*-3*o a prime number?
True
Let z(m) = -2766*m + 23. Is z(-6) prime?
True
Suppose -1566 = -4*h + 2426. Is h composite?
True
Suppose -6*y + 3*y = -6. Suppose 324 = y*h - 210. Is h composite?
True
Let a(j) = j**3 + j**2 - j - 6. Let d be a(0). Let l(p) be the second derivative of -17*p**3/2 + p**2/2 - 27*p. Is l(d) a composite number?
False
Suppose 5*d + 3*d - 21792 = 0. Suppose 0 = 4*n - d - 3952. Is n a composite number?
False
Let p be -2 - -1 - -1111 - -4. Suppose 0 = -5*j + 321 + p. Is j prime?
False
Suppose -1068 = -o + 3*g, -4*o + 3*g + 0*g = -4245. Is o prime?
False
Let g(d) = 8*d**3 + 7*d**2 - 3*d + 5. Suppose 3*i + 0*i = -2*b + 25, 0 = -5*b + 5*i. Is g(b) prime?
False
Let x(w) = -w**2 + 3*w + 3. Let r be x(-3). Let g(c) = -c**3 + 9*c**2 - 12*c - 12. Let s be g(-9). Is (10/r)/((-4)/s) a composite number?
True
Let g(m) = 2*m + 4 - 2*m - 9 + m. Let z be g(10). Suppose -526 - 729 = -z*u. Is u composite?
False
Let q = -2367 - -3448. Is q composite?
True
Suppose -1622 = 4*z - 7474. Suppose 125 = -6*g + z. Is g composite?
False
Let o(s) = -s**3 + 27*s**2 + 19*s + 86. Is o(25) prime?
True
Let u(z) = -z**2 + 10*z + 13945. Is u(0) a prime number?
False
Suppose -775 = -2*i + 2*j + 1455, 0 = 2*j + 6. Let g = 2695 - i. Is g composite?
False
Let o(r) = 2*r**2 - 6*r + 4. Let t be o(3). Suppose -t*g = -b + 483, 1413 = -0*b + 3*b - 3*g. Is b a composite number?
False
Let v = 616 - 338. Suppose 3*x - v - 103 = 0. Is x prime?
True
Suppose -12*i - 3*q + 8879 = -7*i, 0 = i + 4*q - 1769. Is i prime?
True
Let f(h) be the first derivative of 53*h**4/24 - 11*h**3/6 + h**2 + 4. Let j(a) be the second derivative of f(a). Is j(6) a prime number?
True
Let l(p) = p - 23. Let j be l(20). Is j/(-1) + 1 - (-12470 - 5) a composite number?
False
Let i = -189 + 329. Suppose -3*w + 9 = -6. Suppose i = 9*n - w*n. Is n composite?
True
Let d be (-12)/(-8)*(-20)/(-6). Suppose o - 13 = 3*t + 1, d*t = 0. Let r = o + 7. Is r prime?
False
Suppose 17*k + 3*p = 14*k + 146529, -5*p = -2*k + 97714. Is k a composite number?
False
Suppose -6 = -2*v, -4*x - 4*v - v = -17299. Is x composite?
True
Let v = 8850 - 3271. Is v a composite number?
True
Is (-7)/((-14)/(-12)) - (-1325 + 0) a composite number?
False
Suppose 5*d - 2*v - 3 = 1, -d + 3*v = -6. Let t(r) = 2*r + 191. Is t(d) composite?
False
Let l(h) = 5*h - 28. Let k be l(6). Let z(n) = n**3 + 5*n**2 - 3*n + 2. Let a be z(-4). Suppose -3*c - 17 = -x, k*x - 4*c - a = -0. Is x prime?
True
Suppose 15*y + 36*y = 1534029. Is y a composite number?
True
Suppose 4 = -4*v, 4*x + 0*v - 29 = v. Suppose x*n = n + 78. Is n composite?
False
Suppose -5*h + 5*z + 45 = 0, 4*z + 17 = 2*h + 3*z. Let v be (-1 - h/4) + 996. Suppose -1056 - v = -3*j. Is j a prime number?
True
Let g(j) = -23 + 35 - 2*j**2 + 0*j**2 + 5*j**2 - 10*j. Is g(11) a prime number?
False
Let f be (3 - 3)*(-2)/4. Let l be (-3)/3*-636 - (-3 + 6). Suppose 5*j - 2*j - l = f. Is j a prime number?
True
Let l be 108/51 - (-8)/(-68). Suppose l*t - 989 = -s, 0*s = t + s - 496. Is t a composite number?
True
Let q(o) = -21*o**2 - o + 2. Suppose 2 - 4 = z. Let h be q(z). Let d = h - -186. Is d a composite number?
True
Is (48 - 9427)/(1/(-1)) a composite number?
True
Let p(x) be the second derivative of x**4/4 - 9*x**3/2 - 49*x**2/2 - 8*x. Is p(25) prime?
True
Suppose 20818 + 23252 = 30*g. Is g a prime number?
False
Let b be (-4)/(-6) - 1 - (-9238)/93. Suppose o - 43 = -4*m, 3*o - b = -0*o + 3*m. Is o a composite number?
True
Suppose 1 = u - 8. Suppose -5*v = -2*v - u. Suppose 0*n + v*n = 627. Is n composite?
True
Suppose -2*m + 6935 = 5*t, 0*t + 17355 = 5*m - 5*t. Let o be 7/(7/(-4)) + m. Suppose 8*h - 10*h = -o. Is h a composite number?
False
Let k = 8100 - 5406. Let m = -1128 + k. Suppose -6*u + m = -192. Is u a composite number?
False
Let b = 1 - 7. Let u be ((-4 - b) 